{"id":267,"date":"2025-07-09T18:16:03","date_gmt":"2025-07-09T16:16:03","guid":{"rendered":"https:\/\/theme.artdiv.net\/?page_id=267"},"modified":"2025-10-22T16:56:38","modified_gmt":"2025-10-22T14:56:38","slug":"267-2","status":"publish","type":"page","link":"https:\/\/theme.artdiv.net\/index.php\/267-2\/","title":{"rendered":""},"content":{"rendered":"\n<div class=\"wp-block-cover alignfull has-custom-content-position is-position-bottom-center\" style=\"margin-top:0;margin-bottom:0;padding-top:var(--wp--preset--spacing--50);padding-right:var(--wp--preset--spacing--50);padding-bottom:var(--wp--preset--spacing--50);padding-left:var(--wp--preset--spacing--50);min-height:85px;aspect-ratio:unset;\"><img loading=\"lazy\" decoding=\"async\" width=\"800\" height=\"533\" class=\"wp-block-cover__image-background wp-image-189 size-full\" alt=\"\" src=\"http:\/\/theme.artdiv.net\/wp-content\/uploads\/2025\/04\/409039341_843908204411660_8425785324007731556_n.jpg\" data-object-fit=\"cover\" srcset=\"https:\/\/theme.artdiv.net\/wp-content\/uploads\/2025\/04\/409039341_843908204411660_8425785324007731556_n.jpg 800w, https:\/\/theme.artdiv.net\/wp-content\/uploads\/2025\/04\/409039341_843908204411660_8425785324007731556_n-300x200.jpg 300w, https:\/\/theme.artdiv.net\/wp-content\/uploads\/2025\/04\/409039341_843908204411660_8425785324007731556_n-768x512.jpg 768w\" sizes=\"auto, (max-width: 800px) 100vw, 800px\" \/><span aria-hidden=\"true\" class=\"wp-block-cover__background has-background-dim-10 has-background-dim\" style=\"background-color:#272d31\"><\/span><div class=\"wp-block-cover__inner-container has-global-padding is-layout-constrained wp-container-core-cover-is-layout-d89aad35 wp-block-cover-is-layout-constrained\">\n<div class=\"wp-block-group alignwide has-global-padding is-content-justification-left is-layout-constrained wp-container-core-group-is-layout-12dd3699 wp-block-group-is-layout-constrained\">\n<h2 class=\"wp-block-heading has-text-align-left has-xx-large-font-size\">Agenda<\/h2>\n<\/div>\n<\/div><\/div>\n\n\n\n<h1 class=\"wp-block-heading alignfull has-base-color has-accent-3-background-color has-text-color has-background has-link-color wp-elements-26c69e3b2324b10e37b05522699234da\">Nos prochains \u00e9v\u00e8nements : <\/h1>\n\n\n\n<div class=\"wp-block-group alignfull is-style-section-5 has-accent-3-background-color has-background has-global-padding is-content-justification-left is-layout-constrained wp-container-core-group-is-layout-d0f719ba wp-block-group-is-layout-constrained is-style-section-5--1\" style=\"margin-top:0;margin-bottom:0;padding-top:var(--wp--preset--spacing--50);padding-bottom:var(--wp--preset--spacing--50)\">\n<div class=\"wp-block-columns is-layout-flex wp-container-core-columns-is-layout-28f84493 wp-block-columns-is-layout-flex\">\n<div class=\"wp-block-column is-layout-flow wp-block-column-is-layout-flow\">\n<p class=\"is-style-text-annotation has-x-large-font-size is-style-text-annotation--2\">Samedi 16 novembre 2025<\/p>\n\n\n\n<p>Sc\u00e8ne ouverte dans le cadre de Vocamix 2025 \u00e0 Agora 9\u00b0<\/p>\n<\/div>\n<\/div>\n\n\n\n<div class=\"wp-block-columns is-layout-flex wp-container-core-columns-is-layout-28f84493 wp-block-columns-is-layout-flex\">\n<div class=\"wp-block-column is-layout-flow wp-block-column-is-layout-flow\">\n<p class=\"is-style-text-annotation has-x-large-font-size is-style-text-annotation--3\">Vendredi 5 d\u00e9cembre 2025<\/p>\n\n\n\n<p>Ap\u00e9romix dans le cadre de Vocamix 2025 au P\u00f4le 9\u00b0 Saint- Rambert<\/p>\n<\/div>\n<\/div>\n\n\n\n<div class=\"wp-block-columns is-layout-flex wp-container-core-columns-is-layout-28f84493 wp-block-columns-is-layout-flex\">\n<div class=\"wp-block-column is-layout-flow wp-block-column-is-layout-flow\">\n<p class=\"is-style-text-annotation has-x-large-font-size is-style-text-annotation--4\">Samedi 18 janvier 2026<\/p>\n\n\n\n<p>Bal Folk \u00e0 la salle Jean Couty \u00e0 Lyon 9\u00b0<\/p>\n<\/div>\n<\/div>\n\n\n\n<div class=\"wp-block-columns is-layout-flex wp-container-core-columns-is-layout-28f84493 wp-block-columns-is-layout-flex\">\n<div class=\"wp-block-column is-layout-flow wp-block-column-is-layout-flow\">\n<p class=\"is-style-text-annotation has-x-large-font-size is-style-text-annotation--5\">Dimanche 29 mars 2026<\/p>\n\n\n\n<p>KaleidoSon \u00e0 l\u2019Epicerie moderne \u00e0 Feyzin<\/p>\n<\/div>\n<\/div>\n<\/div>\n\n\n\n<div class=\"wp-block-group alignfull is-style-section-5 has-accent-1-background-color has-background has-global-padding is-content-justification-left is-layout-constrained wp-container-core-group-is-layout-d0f719ba wp-block-group-is-layout-constrained is-style-section-5--6\" style=\"margin-top:0;margin-bottom:0;padding-top:var(--wp--preset--spacing--50);padding-bottom:var(--wp--preset--spacing--50)\">\n<h2 class=\"wp-block-heading has-text-align-center has-contrast-color has-text-color has-link-color has-xx-large-font-size wp-elements-e4dd46b5724e48b4670dc42dadfb34a3\" style=\"margin-right:0;margin-left:0;padding-right:0;padding-left:0\">Nos \u00e9v\u00e8nements pass\u00e9s :<\/h2>\n\n\n\n<div class=\"wp-block-columns is-layout-flex wp-container-core-columns-is-layout-28f84493 wp-block-columns-is-layout-flex\">\n<div class=\"wp-block-column has-medium-font-size is-layout-flow wp-block-column-is-layout-flow\">\n<p class=\"is-style-text-annotation has-contrast-color has-text-color has-link-color has-medium-font-size wp-elements-f7d34296989aba8ca9273fd2ae5d39c3 is-style-text-annotation--7\">Samedi 11 octobre 2025 <\/p>\n\n\n\n<p class=\"has-contrast-color has-text-color has-link-color has-medium-font-size wp-elements-8d5424bb6711679b294bae70884019ea\">Repr\u00e9sentation de la Fanfare \u00e0 Monique pour le 1er anniversaire de Zibou Lab \u00e0 Lyon Confluence<\/p>\n<\/div>\n<\/div>\n\n\n\n<div class=\"wp-block-columns is-layout-flex wp-container-core-columns-is-layout-28f84493 wp-block-columns-is-layout-flex\">\n<div class=\"wp-block-column is-layout-flow wp-block-column-is-layout-flow\">\n<p class=\"is-style-text-annotation has-contrast-color has-text-color has-link-color has-medium-font-size wp-elements-f0c745631e9ce3b48adbf09aefa6ad99 is-style-text-annotation--8\">Vendredi 29 juillet\u00a0 2025<\/p>\n\n\n\n<p class=\"has-contrast-color has-text-color has-link-color has-medium-font-size wp-elements-17675594263e9f513bdb444eb8fc3bb7\">Repr\u00e9sentation du Chant des Possibles au Festival des Fromages de ch\u00e8vre \u00e0 Courzieu<\/p>\n<\/div>\n<\/div>\n\n\n\n<div class=\"wp-block-columns is-layout-flex wp-container-core-columns-is-layout-28f84493 wp-block-columns-is-layout-flex\">\n<div class=\"wp-block-column has-contrast-color has-text-color has-link-color wp-elements-07ce2ddbc5df824512eb1b2ab951f837 is-layout-flow wp-block-column-is-layout-flow\">\n<p class=\"is-style-text-annotation has-contrast-color has-text-color has-link-color has-medium-font-size wp-elements-0924103c06f2389858c61e99c1b51670 is-style-text-annotation--9\">Dimanche 29 juin 2025<\/p>\n\n\n\n<p class=\"has-medium-font-size\"><a href=\"https:\/\/www.lethemusicale.org\/du-vent-dans-les-branches-29-juin-2025\/\">Du vent dans les branches<\/a>\u00a0\u2013 Parc de la Mairie du 5\u00b0 \u00e0 Lyon ANNUL\u00c9 pour cause de canicule<\/p>\n<\/div>\n<\/div>\n\n\n\n<div class=\"wp-block-columns is-layout-flex wp-container-core-columns-is-layout-28f84493 wp-block-columns-is-layout-flex\">\n<div class=\"wp-block-column has-contrast-color has-text-color has-link-color wp-elements-d44122cfd3151959486e23f0d8e8c868 is-layout-flow wp-block-column-is-layout-flow\">\n<p class=\"is-style-text-annotation has-medium-font-size is-style-text-annotation--10\">Jeudi 19 juin 2025<\/p>\n\n\n\n<p class=\"has-medium-font-size\">Restitution des s\u00e9ances individuelles dans nos locaux 10 impasse Pierre Baizet Lyon 9\u00b0<\/p>\n<\/div>\n<\/div>\n\n\n\n<div class=\"wp-block-columns is-layout-flex wp-container-core-columns-is-layout-28f84493 wp-block-columns-is-layout-flex\">\n<div class=\"wp-block-column has-contrast-color has-text-color has-link-color wp-elements-751d2adcf243991465c062211a2cf54f is-layout-flow wp-block-column-is-layout-flow\">\n<p class=\"is-style-text-annotation has-medium-font-size is-style-text-annotation--11\">Vendredi 13 juin 2025<\/p>\n\n\n\n<p class=\"has-medium-font-size\"><a href=\"https:\/\/www.lethemusicale.org\/concert-yokaai-en-loop\/\">Concert\u00a0<strong><em>Yoka\u00ef\u00a0en\u00a0loops<\/em><\/strong><\/a>\u00a0_ Atelier d\u2019improvisation mixte au C.R.R. de Lyon<\/p>\n<\/div>\n<\/div>\n\n\n\n<div class=\"wp-block-columns is-layout-flex wp-container-core-columns-is-layout-28f84493 wp-block-columns-is-layout-flex\">\n<div class=\"wp-block-column has-contrast-color has-text-color has-link-color wp-elements-dbf1b7a4d5808aed51a2cc4906af58bb is-layout-flow wp-block-column-is-layout-flow\">\n<p class=\"is-style-text-annotation has-medium-font-size is-style-text-annotation--12\">Dimanche 4 mai 2025<\/p>\n\n\n\n<p class=\"has-medium-font-size\"><a href=\"https:\/\/www.lethemusicale.org\/tiramissu-partout-le-4-mai-de-14h-a-16h30\/\">Tiramissu partout !<\/a>\u00a0caf\u00e9 danse musique \u00e0 l\u2019Agora 9\u00b0<\/p>\n<\/div>\n<\/div>\n\n\n\n<div class=\"wp-block-columns is-layout-flex wp-container-core-columns-is-layout-28f84493 wp-block-columns-is-layout-flex\">\n<div class=\"wp-block-column has-contrast-color has-text-color has-link-color wp-elements-d9b2fdc9e8340def31ab365c841f6df7 is-layout-flow wp-block-column-is-layout-flow\">\n<p class=\"is-style-text-annotation has-medium-font-size is-style-text-annotation--13\">Dimanche 6 avril\u00a02025<\/p>\n\n\n\n<p class=\"has-medium-font-size\"><a href=\"https:\/\/www.lethemusicale.org\/kaleidoson-6-avril-2025\/\">Kal\u00e9idoSon \u00e0 l\u2019\u00c9picerie Moderne<\/a>\u00a0\u00e0 Feyzin<\/p>\n<\/div>\n<\/div>\n\n\n\n<div class=\"wp-block-columns is-layout-flex wp-container-core-columns-is-layout-28f84493 wp-block-columns-is-layout-flex\">\n<div class=\"wp-block-column has-contrast-color has-text-color has-link-color wp-elements-16858163ef419f7da6baab13be4a0e0a is-layout-flow wp-block-column-is-layout-flow\">\n<p class=\"is-style-text-annotation has-medium-font-size is-style-text-annotation--14\">Du 17 mars au 21 mars 2025<\/p>\n\n\n\n<p class=\"has-medium-font-size\"><a href=\"https:\/\/www.lethemusicale.org\/portes-ouvertes\/\">Semaine Portes ouvertes<\/a>\u00a0des ateliers de L\u00e9th\u00e9 Musicale<\/p>\n<\/div>\n<\/div>\n\n\n\n<div class=\"wp-block-columns is-layout-flex wp-container-core-columns-is-layout-28f84493 wp-block-columns-is-layout-flex\">\n<div class=\"wp-block-column has-contrast-color has-text-color has-link-color wp-elements-6c20e0d3bd3a4c2382ddacf0618de3e8 is-layout-flow wp-block-column-is-layout-flow\">\n<p class=\"is-style-text-annotation has-medium-font-size is-style-text-annotation--15\">Samedi 15 mars 2025<\/p>\n\n\n\n<p class=\"has-medium-font-size\"><a href=\"https:\/\/mediatheque.rillieuxlapape.fr\/agenda\/rdv\/490-chanteclair-au-pays-des-merveilles\">Chanteclair au Pays des Merveilles<\/a>\u00a0\u00e0 la M\u00e9diath\u00e8que de Rillieux la Pape<\/p>\n<\/div>\n<\/div>\n\n\n\n<div class=\"wp-block-columns is-layout-flex wp-container-core-columns-is-layout-28f84493 wp-block-columns-is-layout-flex\">\n<div class=\"wp-block-column has-contrast-color has-text-color has-link-color wp-elements-05c6de997cabf4e7abc6ede0f3bf88f0 is-layout-flow wp-block-column-is-layout-flow\">\n<p class=\"is-style-text-annotation has-medium-font-size is-style-text-annotation--16\">Dimanche 26 janvier 2025\u00a0<\/p>\n\n\n\n<p class=\"has-medium-font-size\"><a href=\"https:\/\/www.lethemusicale.org\/?p=26282\">Bal Folk<\/a>\u00a0\u00e0 la salle Jean Couty<\/p>\n<\/div>\n<\/div>\n\n\n\n<div class=\"wp-block-columns is-layout-flex wp-container-core-columns-is-layout-28f84493 wp-block-columns-is-layout-flex\">\n<div class=\"wp-block-column has-contrast-color has-text-color has-link-color wp-elements-1b8c65166998432dadc5b41bdbdaa562 is-layout-flow wp-block-column-is-layout-flow\">\n<p class=\"is-style-text-annotation has-medium-font-size is-style-text-annotation--17\">Mardi 26 novembre 2024<\/p>\n\n\n\n<p class=\"has-medium-font-size\"><a href=\"https:\/\/theatre-cinema-jean-carmet.fr\/component\/content\/article\/13-agenda\/86-le-chant-des-possibles-un-autre-monde.html?Itemid=101\">Spectacle\u00a0<em>\u00ab\u00a0Chant des possibles\u00a0\u00bb<\/em>\u00a0au Th\u00e9\u00e2tre-Cin\u00e9ma Jean Carmet \u00e0 Mornant<\/a><\/p>\n<\/div>\n<\/div>\n\n\n\n<div class=\"wp-block-columns is-layout-flex wp-container-core-columns-is-layout-28f84493 wp-block-columns-is-layout-flex\">\n<div class=\"wp-block-column has-contrast-color has-text-color has-link-color wp-elements-b2823599063c368339c93ebd496ca217 is-layout-flow wp-block-column-is-layout-flow\">\n<p class=\"is-style-text-annotation has-medium-font-size is-style-text-annotation--18\">Vendredi 22 novembre 2024<\/p>\n\n\n\n<p class=\"has-medium-font-size\"><a href=\"https:\/\/theatre-cinema-jean-carmet.fr\/component\/content\/article\/13-agenda\/86-le-chant-des-possibles-un-autre-monde.html?Itemid=101\"><a href=\"https:\/\/www.lethemusicale.org\/en-scene-scene-ouverte-22-novembre-2024\/\">En sc\u00e8ne !<\/a>\u00a0sc\u00e8ne ouverte \u00e0\u00a0l\u2019Agora du 9\u00e8me \u00e0 Lyon 9<\/a><\/p>\n<\/div>\n<\/div>\n\n\n\n<div class=\"wp-block-columns is-layout-flex wp-container-core-columns-is-layout-28f84493 wp-block-columns-is-layout-flex\">\n<div class=\"wp-block-column has-contrast-color has-text-color has-link-color wp-elements-241d16915c94b4af49c9147c3411b158 is-layout-flow wp-block-column-is-layout-flow\">\n<p class=\"is-style-text-annotation has-medium-font-size is-style-text-annotation--19\">Vendredi 15 novembre 2024<\/p>\n\n\n\n<p class=\"has-medium-font-size\"><a href=\"https:\/\/theatre-cinema-jean-carmet.fr\/component\/content\/article\/13-agenda\/86-le-chant-des-possibles-un-autre-monde.html?Itemid=101\"><a href=\"https:\/\/www.lethemusicale.org\/vocamix-15-novembre-2024\/\">Vocamix<\/a>\u00a0au P\u00f4le 9 Saint-Rambert \u00e0 Lyon 9<\/a><\/p>\n<\/div>\n<\/div>\n<\/div>\n\n\n\n<div class=\"wp-block-group alignfull has-global-padding is-layout-constrained wp-block-group-is-layout-constrained\" style=\"margin-top:0;margin-bottom:0\">\n<div class=\"wp-block-group alignwide is-layout-grid wp-container-core-group-is-layout-5fdb10e5 wp-block-group-is-layout-grid\" style=\"padding-top:var(--wp--preset--spacing--50);padding-bottom:var(--wp--preset--spacing--50)\">\n<div class=\"wp-block-group is-vertical is-content-justification-stretch is-nowrap is-layout-flex wp-container-core-group-is-layout-627337ab wp-block-group-is-layout-flex\">\n<figure class=\"wp-block-image size-full\"><img decoding=\"async\" src=\"https:\/\/theme.artdiv.net\/wp-content\/themes\/twentytwentyfive\/assets\/images\/grid-flower-1.webp\" alt=\"Photographie en gros plan d\u2019une fleur rouge.\" style=\"aspect-ratio:16\/9;object-fit:cover\"\/><\/figure>\n<\/div>\n\n\n\n<figure class=\"wp-block-image size-full\"><img decoding=\"async\" src=\"https:\/\/theme.artdiv.net\/wp-content\/themes\/twentytwentyfive\/assets\/images\/grid-flower-2.webp\" alt=\"Photographie en noir et blanc en gros plan d\u2019une fleur.\" style=\"aspect-ratio:3\/4;object-fit:cover\"\/><\/figure>\n<\/div>\n<\/div>\n","protected":false},"excerpt":{"rendered":"<p>Nos prochains \u00e9v\u00e8nements : Samedi 16 novembre 2025 Sc\u00e8ne ouverte dans le cadre de Vocamix 2025 \u00e0 Agora 9\u00b0 Vendredi 5 d\u00e9cembre 2025 Ap\u00e9romix dans le cadre de Vocamix 2025 au P\u00f4le 9\u00b0 Saint- Rambert Samedi 18 janvier 2026 Bal Folk \u00e0 la salle Jean Couty \u00e0 Lyon 9\u00b0 Dimanche 29 mars 2026 KaleidoSon \u00e0 [&hellip;]<\/p>\n","protected":false},"author":1,"featured_media":0,"parent":0,"menu_order":0,"comment_status":"closed","ping_status":"closed","template":"","meta":{"footnotes":""},"class_list":["post-267","page","type-page","status-publish","hentry"],"_links":{"self":[{"href":"https:\/\/theme.artdiv.net\/index.php\/wp-json\/wp\/v2\/pages\/267","targetHints":{"allow":["GET"]}}],"collection":[{"href":"https:\/\/theme.artdiv.net\/index.php\/wp-json\/wp\/v2\/pages"}],"about":[{"href":"https:\/\/theme.artdiv.net\/index.php\/wp-json\/wp\/v2\/types\/page"}],"author":[{"embeddable":true,"href":"https:\/\/theme.artdiv.net\/index.php\/wp-json\/wp\/v2\/users\/1"}],"replies":[{"embeddable":true,"href":"https:\/\/theme.artdiv.net\/index.php\/wp-json\/wp\/v2\/comments?post=267"}],"version-history":[{"count":7,"href":"https:\/\/theme.artdiv.net\/index.php\/wp-json\/wp\/v2\/pages\/267\/revisions"}],"predecessor-version":[{"id":344,"href":"https:\/\/theme.artdiv.net\/index.php\/wp-json\/wp\/v2\/pages\/267\/revisions\/344"}],"wp:attachment":[{"href":"https:\/\/theme.artdiv.net\/index.php\/wp-json\/wp\/v2\/media?parent=267"}],"curies":[{"name":"wp","href":"https:\/\/api.w.org\/{rel}","templated":true}]}}